 = -9*r + 5*r - 5*v + 260. Calculate the remainder when r is divided by 5.
0
Let l(d) = -d**3 - 6*d**2 - 5*d - 8. What is the remainder when l(-6) is divided by 12/(-126) - (-963)/189?
2
Let u = -168 - -186. What is the remainder when 231 is divided by u?
15
Suppose 0 = -14*b + 21*b - 2226. What is the remainder when b is divided by 7?
3
Let p(o) = 69*o. Suppose 4*t = 5*l - 21, 2*l = 3*t - l + 12. Let q(i) = 8*i**2 - 28*i + 8. What is the remainder when p(t) is divided by q(4)?
21
Let u(b) = b**3 - 6*b**2 + 2. Let q be u(6). Suppose -5*k = -r - 195 - 10, 2*k - 82 = -q*r. Let a = k - 23. What is the remainder when 35 is divided by a?
17
Let p(w) = -w - 2. Suppose m + 4*f - 11 + 4 = 0, -5*m = -5*f + 65. Let i be p(m). Suppose i*h - 270 = 2*h. Calculate the remainder when h is divided by 19.
16
Suppose 5*c - 80 = -0*c. Let w(a) = 13*a**2 + 6*a - 2. Calculate the remainder when w(2) is divided by c.
14
Let b(u) = 5*u**2 + 12*u - 5. Suppose 2*s = -3*f + 21, 0 = -3*s - s + f + 7. Suppose -15 = -3*k - s. Calculate the remainder when k is divided by b(-3).
0
Let b(d) = d**2 - 1. Let g be b(-2). Suppose g = -3*f + 9. Calculate the remainder when f is divided by ((-1 - -2) + 1)*1.
0
Let y be 3/((-3)/(-4)) - -308. Suppose a - 123 = -2*h, -h + 6*h - y = -a. Calculate the remainder when h is divided by 11.
8
Suppose 36 = -4*f + 10*f. Let m = 12 - f. What is the remainder when m is divided by 6?
0
Let t(z) = z**3 + 9*z**2 + 14*z + 4. Let g be t(-6). Let h be 555/(-10) - 2/(-4). What is the remainder when 75 is divided by h/(-3) + g/42?
18
Let h(b) = -b**2 - 6*b + 9. Let d be h(-7). Suppose -p = -d*r - 15, 4*p + 0*r - 5*r = 51. What is the remainder when 34 is divided by p?
7
What is the remainder when (-2)/11 - (-66930)/759 is divided by 16?
8
What is the remainder when 468/(-48)*(3 + 25/(-3)) is divided by 14?
10
Suppose -2*c = 2*c - 2016. Let g(l) = -3*l + 2. What is the remainder when ((-3)/(-6))/(-3*(-2)/c) is divided by g(-3)?
9
Suppose 0 = -0*c - c + 1. Let q = 5 - 2. What is the remainder when c is divided by q/9 + 4/6?
0
Let x(l) = l**3 - 6*l**2 - 3*l - 1. Let m be x(6). Let c be 42/6 + -8 - 28. Let u = m - c. What is the remainder when 19 is divided by u?
9
Let h(r) = r**3 + 4*r**2 - r - 4. Let l = -6 - -3. Calculate the remainder when h(l) is divided by 4 - (2 + -3 + 0).
3
Let n(x) = -144*x - 71. Calculate the remainder when 509 is divided by n(-1).
71
Let g(n) = n**3 - 2*n**2 - 17*n + 14. Let f be g(7). Let z = f - 99. Calculate the remainder when z is divided by 7.
6
Let v(z) = z**2 + 2*z + 12. Let j(a) = 140*a + 1. What is the remainder when j(1) is divided by v(-6)?
33
Let d(c) = 25*c - 341. What is the remainder when 294 is divided by d(16)?
58
What is the remainder when 46 is divided by (-333)/(-27) + (-5)/((-60)/8)?
7
Suppose 2*t - 4*x - 54 = 0, -4*x + x = -2*t + 55. Suppose 16*y - 11*y - 40 = 0. What is the remainder when t is divided by y/(-5)*(3 + -8)?
5
Let l(s) = -2*s**2 + 2*s + 3. Let z(d) = d**3 + 7*d**2 - d - 10. Let r be z(-7). Let n be l(r). Calculate the remainder when 43 is divided by n/(-7) + 1*8.
10
Suppose 64*q + 69*q - 35245 = 0. What is the remainder when q is divided by 19?
18
Suppose 0 = 5*g + o + 189 - 945, -2*g - 4*o = -306. What is the remainder when g is divided by 20?
11
Suppose 0 = -3*f + 8*f + m - 117, -2*f + 3*m = -57. Let x = f - 0. What is the remainder when x is divided by 15?
9
Suppose -2*m + 4*u + 38 = 0, -3*m = 2*m + 3*u - 82. What is the remainder when 49 is divided by m?
15
Let l = 40 + -37. Suppose -4*t - 5*q + 92 = 0, 104 = l*t - 2*q - 3*q. What is the remainder when t is divided by 10?
8
Let d = 0 - -8. Let s(m) = m**3 - 12*m**2 + 16*m - 12. Let p be s(10). Let c = -15 - p. Calculate the remainder when c is divided by d.
5
Suppose -10 = -2*f + 4*f, 5*f + 54 = c. Suppose -4*h = 5*t - 667, -3*t - 4*h - c = -426. Calculate the remainder when (10/(-15))/((-6)/t) is divided by 4.
3
Let h = -1913 - -1934. What is the remainder when 167 is divided by h?
20
Let m be ((-4)/(-6))/(2/9). Suppose -238 = -m*a - 4*p, -5*a + 6*p = 3*p - 358. Let s = 80 + -55. What is the remainder when a is divided by s?
24
Let p(u) = 8*u**2 + 41*u - 47. What is the remainder when p(7) is divided by 159?
155
What is the remainder when 10/(-75) + (-385)/(-75) + -1 is divided by 3*(-1)/(-2)*2?
1
Suppose 3*o = 2*o - 41. Let r = -46 + 118. Let j = r + o. Calculate the remainder when j is divided by 17.
14
Calculate the remainder when 3 is divided by 4 + (-1 - (-6)/(-6)).
1
Let y = -5 + 5. Suppose -3*n + 2*n + 14 = y. Calculate the remainder when n is divided by -12 + (-78)/(-13) + 24/2.
2
Suppose 2*m - 918 = -4*m. Suppose -7*l = -4*l - m. Calculate the remainder when l is divided by 18.
15
Let m(r) = -r**3 - 4*r**2 + 5*r + 6. Suppose -6*a - 28 = -13*a. Calculate the remainder when m(-5) is divided by a - 8 - 1*-7.
0
Let u(l) = -3*l**3 - l**2 + 2*l - 1. Let z be u(1). Let o = 36 + -26. What is the remainder when (14 - 3/z) + 2 is divided by o?
7
Suppose -12*l + 1170 = -2*l. Suppose z = -2*z + l. Calculate the remainder when 152 is divided by z.
35
Calculate the remainder when (1458/(-10) + 1)/((-76)/190) is divided by 9.
2
Suppose -100 - 71 = -3*p. Suppose 9 = 4*u - 11. Suppose u*b + 15 = 6*b. Calculate the remainder when p is divided by b.
12
Suppose -8*c + 350 = 46. What is the remainder when 114 is divided by c?
0
Let q = -47 + 52. What is the remainder when (-3 + 1)/(6/(-69)) is divided by q?
3
What is the remainder when 16 is divided by 51/5 - (-8)/(-40)?
6
Let l(j) = j**3 - 12*j**2 + 12. Let r be l(12). Let s(q) = -q**2 + 10*q - 2. What is the remainder when s(7) is divided by 25/4 - (-9)/r?
5
Let i = -472 - -542. What is the remainder when 418 is divided by i?
68
What is the remainder when 58 is divided by 251/13 - (-224)/(-728)?
1
Let x = 18 - 12. Suppose 0 = -3*b - x, -2*b - b = -2*w + 164. Calculate the remainder when w is divided by 9.
7
Let k(d) = -d + 8. Let g be k(3). Suppose -g*p + 287 = -133. Calculate the remainder when p is divided by 17.
16
Suppose -5*q + 14 = 4. Suppose -u + 148 = -0*y - q*y, -5*u + 701 = 3*y. What is the remainder when u is divided by 29?
26
Suppose -16*i + 6*i + 920 = 0. Suppose -5*n + 68 = -i. Calculate the remainder when n is divided by 21.
11
Let w(n) = -n**3 - 5*n**2 - 5*n - 6. Let r be w(-4). Calculate the remainder when 2 - (-1 - -2 - 85) is divided by (r - (-30 + -1))*1.
28
Suppose -398 = -3*h + 4*b, -4*h + 5*b + 578 = 46. What is the remainder when h is divided by 79?
59
Let k(l) = 2*l**2 + l - 2. Let p be k(-2). Suppose 4*i - 79 = 5*q - 23, p*i - 52 = 4*q. Calculate the remainder when 247/7 - (-10)/(-35) is divided by i.
8
Let n(l) = 0*l + 3*l + 2*l**2 - 11*l - 3*l**2. What is the remainder when n(-6) is divided by 5?
2
Let a = 44 - 103. Let y = 84 + a. What is the remainder when y is divided by 13?
12
Let h(n) = -n**3 + 4*n**2 + 2*n + 4. Let x be h(4). Suppose -2*m = -5*t, -x = -4*m + 2*m - t. Calculate the remainder when m is divided by 4.
1
Let t(g) = -4*g**2 + 4*g - 4. Let w be t(6). Let n = -69 - w. What is the remainder when n is divided by 2*(-87)/(-18)*3?
26
Let s = -34 + 49. Let n = 21 - s. Calculate the remainder when 8 is divided by n.
2
Calculate the remainder when 15 is divided by 12 - (0/(8/(-1)) - -5).
1
Let x be 0 - (-9)/(9/(-26)). Let w = x + 38. Suppose -w = -2*y + 16. Calculate the remainder when 39 is divided by y.
11
Suppose j - 2 = 3*j. Let n(a) = 8*a + 4. Let q be n(j). Let f(l) = -12*l - 4. What is the remainder when f(q) is divided by 15?
14
Let j(d) = -d**2 + 8*d - 5. Let r(z) = 5 + 7*z - 2*z**2 + 3*z**2 - 15*z. Let s(b) = -5*j(b) - 6*r(b). Calculate the remainder when 39 is divided by s(3).
9
Let n(q) = 11*q**2 - q. Let y = 13 + -18. Let f = 6 + y. Calculate the remainder when 39 is divided by n(f).
9
What is the remainder when 227 is divided by (33/(-44) - 15/12) + 23?
17
Let x(g) = -g**2 + 14*g + 20. Let m be x(15). Suppose c - 135 = -c + 5*v, -c - m*v + 30 = 0. Calculate the remainder when c is divided by 8.
7
Let o(j) = -j**2 - 79*j + 13. Calculate the remainder when o(-13) is divided by 38.
35
Suppose -378 = 7*k - 917. Calculate the remainder when 846 is divided by k.
76
Suppose -7*y = -11*y + 216. Let l = 188 - 28. Calculate the remainder when l is divide